{"id":41631,"date":"2023-01-11T12:47:30","date_gmt":"2023-01-11T11:47:30","guid":{"rendered":"https:\/\/abd.ong\/jobs\/tecnic-a-prevencio-riscos-laborals\/"},"modified":"2023-01-11T13:12:43","modified_gmt":"2023-01-11T12:12:43","slug":"tecnic-a-prevencio-riscos-laborals","status":"publish","type":"job","link":"https:\/\/abd.ong\/ca\/ofertes-feina\/tecnic-a-prevencio-riscos-laborals\/","title":{"rendered":"T\u00e8cnic\/a prevenci\u00f3 Riscos Laborals"},"content":{"rendered":"\n<p>Busquem T\u00e8cnic\/a de Prevenci\u00f3 de Riscos Laborals J\u00fanior a 35h per a cobrir vacant per cobertura de lloc de 3 mesos per exced\u00e8ncia (possibilitat incorporaci\u00f3 final).<\/p>\n\n<p><strong>TASQUES:<\/strong>&#013;\nElaboraci\u00f3 dels manuals de prevenci\u00f3.&#013;\nAjuda al t\u00e8cnic\/a de prevenci\u00f3 a gestionar la prevenci\u00f3 de l&#8217;empresa, actualitzaci\u00f3 de la documentaci\u00f3&#013;\nAvaluaci\u00f3 de llocs de treball, recerca d&#8217;accidents de&#013;\ntreball i malalties professionals, informes i mesures higi\u00e8niques, assessorar sobre mesures de protecci\u00f3, formacions en prevenci\u00f3. Informes anuals de prevenci\u00f3.&#013;\nGesti\u00f3, control i seguiment de revisions m\u00e8diques.<\/p>\n\n<p><strong>REQUISITS:<\/strong> Grau universitari. Titulaci\u00f3 relacionada amb Riscos Laborals<\/p>\n\n<p><strong>LLOC DE TREBALL:<\/strong> Barcelona, Gr\u00e0cia<\/p>\n\n<p><strong>SALARI:<\/strong> 1450-1650\u20ac segons experi\u00e8ncia x 14 pagues<\/p>\n","protected":false},"excerpt":{"rendered":"<p>Busquem T\u00e8cnic\/a de Prevenci\u00f3 de Riscos Laborals J\u00fanior a 35h per a cobrir vacant per cobertura de lloc de 3 mesos per exced\u00e8ncia (possibilitat incorporaci\u00f3 final). TASQUES:&#013; Elaboraci\u00f3 dels manuals&hellip;<\/p>\n","protected":false},"featured_media":0,"template":"","provincia":[1743],"class_list":["post-41631","job","type-job","status-publish","hentry","provincia-barcelona"],"acf":[],"yoast_head":"<!-- This site is optimized with the Yoast SEO plugin v27.4 - https:\/\/yoast.com\/product\/yoast-seo-wordpress\/ -->\n<title>Oferta de feina - T\u00e8cnic\/a prevenci\u00f3 Riscos Laborals - ABD<\/title>\n<meta name=\"description\" content=\"Busquem T\u00e8cnic\/a de Prevenci\u00f3 de Riscos Laborals J\u00fanior a 35h per a cobrir vacant per cobertura de lloc de 3 mesos per exced\u00e8ncia (possibilitat\" \/>\n<meta name=\"robots\" content=\"index, follow, max-snippet:-1, max-image-preview:large, max-video-preview:-1\" \/>\n<link rel=\"canonical\" href=\"https:\/\/abd.ong\/ca\/ofertes-feina\/tecnic-a-prevencio-riscos-laborals\/\" \/>\n<meta property=\"og:locale\" content=\"ca_ES\" \/>\n<meta property=\"og:type\" content=\"article\" \/>\n<meta property=\"og:title\" content=\"Oferta de feina - T\u00e8cnic\/a prevenci\u00f3 Riscos Laborals - ABD\" \/>\n<meta property=\"og:description\" content=\"Busquem T\u00e8cnic\/a de Prevenci\u00f3 de Riscos Laborals J\u00fanior a 35h per a cobrir vacant per cobertura de lloc de 3 mesos per exced\u00e8ncia (possibilitat\" \/>\n<meta property=\"og:url\" content=\"https:\/\/abd.ong\/ca\/ofertes-feina\/tecnic-a-prevencio-riscos-laborals\/\" \/>\n<meta property=\"og:site_name\" content=\"ABD\" \/>\n<meta property=\"article:publisher\" content=\"https:\/\/www.facebook.com\/abd.ong\" \/>\n<meta property=\"article:modified_time\" content=\"2023-01-11T12:12:43+00:00\" \/>\n<meta property=\"og:image\" content=\"https:\/\/abd.ong\/wp-content\/uploads\/2023\/01\/ABDLEMA_Hor_Esp-1.png\" \/>\n\t<meta property=\"og:image:width\" content=\"471\" \/>\n\t<meta property=\"og:image:height\" content=\"94\" \/>\n\t<meta property=\"og:image:type\" content=\"image\/png\" \/>\n<meta name=\"twitter:card\" content=\"summary_large_image\" \/>\n<meta name=\"twitter:site\" content=\"@abd_ong\" \/>\n<meta name=\"twitter:label1\" content=\"Temps estimat de lectura\" \/>\n\t<meta name=\"twitter:data1\" content=\"1 minut\" \/>\n<script type=\"application\/ld+json\" class=\"yoast-schema-graph\">{\"@context\":\"https:\\\/\\\/schema.org\",\"@graph\":[{\"@type\":\"WebPage\",\"@id\":\"https:\\\/\\\/abd.ong\\\/ca\\\/ofertes-feina\\\/tecnic-a-prevencio-riscos-laborals\\\/\",\"url\":\"https:\\\/\\\/abd.ong\\\/ca\\\/ofertes-feina\\\/tecnic-a-prevencio-riscos-laborals\\\/\",\"name\":\"Oferta de feina - T\u00e8cnic\\\/a prevenci\u00f3 Riscos Laborals - ABD\",\"isPartOf\":{\"@id\":\"https:\\\/\\\/abd.ong\\\/ca\\\/#website\"},\"datePublished\":\"2023-01-11T11:47:30+00:00\",\"dateModified\":\"2023-01-11T12:12:43+00:00\",\"description\":\"Busquem T\u00e8cnic\\\/a de Prevenci\u00f3 de Riscos Laborals J\u00fanior a 35h per a cobrir vacant per cobertura de lloc de 3 mesos per exced\u00e8ncia (possibilitat\",\"breadcrumb\":{\"@id\":\"https:\\\/\\\/abd.ong\\\/ca\\\/ofertes-feina\\\/tecnic-a-prevencio-riscos-laborals\\\/#breadcrumb\"},\"inLanguage\":\"ca\",\"potentialAction\":[{\"@type\":\"ReadAction\",\"target\":[\"https:\\\/\\\/abd.ong\\\/ca\\\/ofertes-feina\\\/tecnic-a-prevencio-riscos-laborals\\\/\"]}]},{\"@type\":\"BreadcrumbList\",\"@id\":\"https:\\\/\\\/abd.ong\\\/ca\\\/ofertes-feina\\\/tecnic-a-prevencio-riscos-laborals\\\/#breadcrumb\",\"itemListElement\":[{\"@type\":\"ListItem\",\"position\":1,\"name\":\"Inici\",\"item\":\"https:\\\/\\\/abd.ong\\\/ca\\\/\"},{\"@type\":\"ListItem\",\"position\":2,\"name\":\"Ofertes de feina\",\"item\":\"https:\\\/\\\/abd.ong\\\/ca\\\/ofertes-feina\\\/\"},{\"@type\":\"ListItem\",\"position\":3,\"name\":\"T\u00e8cnic\\\/a prevenci\u00f3 Riscos Laborals\"}]},{\"@type\":\"WebSite\",\"@id\":\"https:\\\/\\\/abd.ong\\\/ca\\\/#website\",\"url\":\"https:\\\/\\\/abd.ong\\\/ca\\\/\",\"name\":\"ABD\",\"description\":\"Asociaci\u00f3n Bienestar y Desarrollo\",\"publisher\":{\"@id\":\"https:\\\/\\\/abd.ong\\\/ca\\\/#organization\"},\"potentialAction\":[{\"@type\":\"SearchAction\",\"target\":{\"@type\":\"EntryPoint\",\"urlTemplate\":\"https:\\\/\\\/abd.ong\\\/ca\\\/?s={search_term_string}\"},\"query-input\":{\"@type\":\"PropertyValueSpecification\",\"valueRequired\":true,\"valueName\":\"search_term_string\"}}],\"inLanguage\":\"ca\"},{\"@type\":\"Organization\",\"@id\":\"https:\\\/\\\/abd.ong\\\/ca\\\/#organization\",\"name\":\"Associaci\u00f3 Benestar i Desenvolupament\",\"alternateName\":\"ABD\",\"url\":\"https:\\\/\\\/abd.ong\\\/ca\\\/\",\"logo\":{\"@type\":\"ImageObject\",\"inLanguage\":\"ca\",\"@id\":\"https:\\\/\\\/abd.ong\\\/ca\\\/#\\\/schema\\\/logo\\\/image\\\/\",\"url\":\"https:\\\/\\\/abd.ong\\\/wp-content\\\/uploads\\\/2023\\\/01\\\/Icona.png\",\"contentUrl\":\"https:\\\/\\\/abd.ong\\\/wp-content\\\/uploads\\\/2023\\\/01\\\/Icona.png\",\"width\":190,\"height\":187,\"caption\":\"Associaci\u00f3 Benestar i Desenvolupament\"},\"image\":{\"@id\":\"https:\\\/\\\/abd.ong\\\/ca\\\/#\\\/schema\\\/logo\\\/image\\\/\"},\"sameAs\":[\"https:\\\/\\\/www.facebook.com\\\/abd.ong\",\"https:\\\/\\\/x.com\\\/abd_ong\",\"https:\\\/\\\/www.instagram.com\\\/abd_ong\\\/\",\"https:\\\/\\\/www.linkedin.com\\\/company\\\/abdong\",\"https:\\\/\\\/www.youtube.com\\\/user\\\/CANALABD\"]}]}<\/script>\n<!-- \/ Yoast SEO plugin. -->","yoast_head_json":{"title":"Oferta de feina - T\u00e8cnic\/a prevenci\u00f3 Riscos Laborals - ABD","description":"Busquem T\u00e8cnic\/a de Prevenci\u00f3 de Riscos Laborals J\u00fanior a 35h per a cobrir vacant per cobertura de lloc de 3 mesos per exced\u00e8ncia (possibilitat","robots":{"index":"index","follow":"follow","max-snippet":"max-snippet:-1","max-image-preview":"max-image-preview:large","max-video-preview":"max-video-preview:-1"},"canonical":"https:\/\/abd.ong\/ca\/ofertes-feina\/tecnic-a-prevencio-riscos-laborals\/","og_locale":"ca_ES","og_type":"article","og_title":"Oferta de feina - T\u00e8cnic\/a prevenci\u00f3 Riscos Laborals - ABD","og_description":"Busquem T\u00e8cnic\/a de Prevenci\u00f3 de Riscos Laborals J\u00fanior a 35h per a cobrir vacant per cobertura de lloc de 3 mesos per exced\u00e8ncia (possibilitat","og_url":"https:\/\/abd.ong\/ca\/ofertes-feina\/tecnic-a-prevencio-riscos-laborals\/","og_site_name":"ABD","article_publisher":"https:\/\/www.facebook.com\/abd.ong","article_modified_time":"2023-01-11T12:12:43+00:00","og_image":[{"width":471,"height":94,"url":"https:\/\/abd.ong\/wp-content\/uploads\/2023\/01\/ABDLEMA_Hor_Esp-1.png","type":"image\/png"}],"twitter_card":"summary_large_image","twitter_site":"@abd_ong","twitter_misc":{"Temps estimat de lectura":"1 minut"},"schema":{"@context":"https:\/\/schema.org","@graph":[{"@type":"WebPage","@id":"https:\/\/abd.ong\/ca\/ofertes-feina\/tecnic-a-prevencio-riscos-laborals\/","url":"https:\/\/abd.ong\/ca\/ofertes-feina\/tecnic-a-prevencio-riscos-laborals\/","name":"Oferta de feina - T\u00e8cnic\/a prevenci\u00f3 Riscos Laborals - ABD","isPartOf":{"@id":"https:\/\/abd.ong\/ca\/#website"},"datePublished":"2023-01-11T11:47:30+00:00","dateModified":"2023-01-11T12:12:43+00:00","description":"Busquem T\u00e8cnic\/a de Prevenci\u00f3 de Riscos Laborals J\u00fanior a 35h per a cobrir vacant per cobertura de lloc de 3 mesos per exced\u00e8ncia (possibilitat","breadcrumb":{"@id":"https:\/\/abd.ong\/ca\/ofertes-feina\/tecnic-a-prevencio-riscos-laborals\/#breadcrumb"},"inLanguage":"ca","potentialAction":[{"@type":"ReadAction","target":["https:\/\/abd.ong\/ca\/ofertes-feina\/tecnic-a-prevencio-riscos-laborals\/"]}]},{"@type":"BreadcrumbList","@id":"https:\/\/abd.ong\/ca\/ofertes-feina\/tecnic-a-prevencio-riscos-laborals\/#breadcrumb","itemListElement":[{"@type":"ListItem","position":1,"name":"Inici","item":"https:\/\/abd.ong\/ca\/"},{"@type":"ListItem","position":2,"name":"Ofertes de feina","item":"https:\/\/abd.ong\/ca\/ofertes-feina\/"},{"@type":"ListItem","position":3,"name":"T\u00e8cnic\/a prevenci\u00f3 Riscos Laborals"}]},{"@type":"WebSite","@id":"https:\/\/abd.ong\/ca\/#website","url":"https:\/\/abd.ong\/ca\/","name":"ABD","description":"Asociaci\u00f3n Bienestar y Desarrollo","publisher":{"@id":"https:\/\/abd.ong\/ca\/#organization"},"potentialAction":[{"@type":"SearchAction","target":{"@type":"EntryPoint","urlTemplate":"https:\/\/abd.ong\/ca\/?s={search_term_string}"},"query-input":{"@type":"PropertyValueSpecification","valueRequired":true,"valueName":"search_term_string"}}],"inLanguage":"ca"},{"@type":"Organization","@id":"https:\/\/abd.ong\/ca\/#organization","name":"Associaci\u00f3 Benestar i Desenvolupament","alternateName":"ABD","url":"https:\/\/abd.ong\/ca\/","logo":{"@type":"ImageObject","inLanguage":"ca","@id":"https:\/\/abd.ong\/ca\/#\/schema\/logo\/image\/","url":"https:\/\/abd.ong\/wp-content\/uploads\/2023\/01\/Icona.png","contentUrl":"https:\/\/abd.ong\/wp-content\/uploads\/2023\/01\/Icona.png","width":190,"height":187,"caption":"Associaci\u00f3 Benestar i Desenvolupament"},"image":{"@id":"https:\/\/abd.ong\/ca\/#\/schema\/logo\/image\/"},"sameAs":["https:\/\/www.facebook.com\/abd.ong","https:\/\/x.com\/abd_ong","https:\/\/www.instagram.com\/abd_ong\/","https:\/\/www.linkedin.com\/company\/abdong","https:\/\/www.youtube.com\/user\/CANALABD"]}]}},"_links":{"self":[{"href":"https:\/\/abd.ong\/ca\/wp-json\/wp\/v2\/job\/41631","targetHints":{"allow":["GET"]}}],"collection":[{"href":"https:\/\/abd.ong\/ca\/wp-json\/wp\/v2\/job"}],"about":[{"href":"https:\/\/abd.ong\/ca\/wp-json\/wp\/v2\/types\/job"}],"wp:attachment":[{"href":"https:\/\/abd.ong\/ca\/wp-json\/wp\/v2\/media?parent=41631"}],"wp:term":[{"taxonomy":"provincia","embeddable":true,"href":"https:\/\/abd.ong\/ca\/wp-json\/wp\/v2\/provincia?post=41631"}],"curies":[{"name":"wp","href":"https:\/\/api.w.org\/{rel}","templated":true}]}}

Tècnic/a prevenció Riscos Laborals

<p>Busquem Tècnic/a de Prevenció de Riscos Laborals Júnior a 35h per a cobrir vacant per cobertura de lloc de 3 mesos per excedència (possibilitat incorporació final).</p>

<p><strong>TASQUES:</strong>&#013;
Elaboració dels manuals de prevenció.&#013;
Ajuda al tècnic/a de prevenció a gestionar la prevenció de l&#8217;empresa, actualització de la documentació&#013;
Avaluació de llocs de treball, recerca d&#8217;accidents de&#013;
treball i malalties professionals, informes i mesures higièniques, assessorar sobre mesures de protecció, formacions en prevenció. Informes anuals de prevenció.&#013;
Gestió, control i seguiment de revisions mèdiques.</p>

<p><strong>REQUISITS:</strong> Grau universitari. Titulació relacionada amb Riscos Laborals</p>

<p><strong>LLOC DE TREBALL:</strong> Barcelona, Gràcia</p>

<p><strong>SALARI:</strong> 1450-1650€ segons experiència x 14 pagues</p>

<p>Busquem Tècnic/a de Prevenció de Riscos Laborals Júnior a 35h per a cobrir vacant per cobertura de lloc de 3 mesos per excedència (possibilitat incorporació final). TASQUES:&#013; Elaboració dels manuals&hellip;</p>

<!-- This site is optimized with the Yoast SEO plugin v27.4 - https://yoast.com/product/yoast-seo-wordpress/ -->
<title>Oferta de feina - Tècnic/a prevenció Riscos Laborals - ABD</title>
<meta name="description" content="Busquem Tècnic/a de Prevenció de Riscos Laborals Júnior a 35h per a cobrir vacant per cobertura de lloc de 3 mesos per excedència (possibilitat" />
<meta name="robots" content="index, follow, max-snippet:-1, max-image-preview:large, max-video-preview:-1" />
<link rel="canonical" href="https://abd.ong/ca/ofertes-feina/tecnic-a-prevencio-riscos-laborals/" />
<meta property="og:locale" content="ca_ES" />
<meta property="og:type" content="article" />
<meta property="og:title" content="Oferta de feina - Tècnic/a prevenció Riscos Laborals - ABD" />
<meta property="og:description" content="Busquem Tècnic/a de Prevenció de Riscos Laborals Júnior a 35h per a cobrir vacant per cobertura de lloc de 3 mesos per excedència (possibilitat" />
<meta property="og:url" content="https://abd.ong/ca/ofertes-feina/tecnic-a-prevencio-riscos-laborals/" />
<meta property="og:site_name" content="ABD" />
<meta property="article:publisher" content="https://www.facebook.com/abd.ong" />
<meta property="article:modified_time" content="2023-01-11T12:12:43+00:00" />
<meta property="og:image" content="https://abd.ong/wp-content/uploads/2023/01/ABDLEMA_Hor_Esp-1.png" />
	<meta property="og:image:width" content="471" />
	<meta property="og:image:height" content="94" />
	<meta property="og:image:type" content="image/png" />
<meta name="twitter:card" content="summary_large_image" />
<meta name="twitter:site" content="@abd_ong" />
<meta name="twitter:label1" content="Temps estimat de lectura" />
	<meta name="twitter:data1" content="1 minut" />
<script type="application/ld+json" class="yoast-schema-graph">{"@context":"https:\/\/schema.org","@graph":[{"@type":"WebPage","@id":"https:\/\/abd.ong\/ca\/ofertes-feina\/tecnic-a-prevencio-riscos-laborals\/","url":"https:\/\/abd.ong\/ca\/ofertes-feina\/tecnic-a-prevencio-riscos-laborals\/","name":"Oferta de feina - Tècnic\/a prevenció Riscos Laborals - ABD","isPartOf":{"@id":"https:\/\/abd.ong\/ca\/#website"},"datePublished":"2023-01-11T11:47:30+00:00","dateModified":"2023-01-11T12:12:43+00:00","description":"Busquem Tècnic\/a de Prevenció de Riscos Laborals Júnior a 35h per a cobrir vacant per cobertura de lloc de 3 mesos per excedència (possibilitat","breadcrumb":{"@id":"https:\/\/abd.ong\/ca\/ofertes-feina\/tecnic-a-prevencio-riscos-laborals\/#breadcrumb"},"inLanguage":"ca","potentialAction":[{"@type":"ReadAction","target":["https:\/\/abd.ong\/ca\/ofertes-feina\/tecnic-a-prevencio-riscos-laborals\/"]}]},{"@type":"BreadcrumbList","@id":"https:\/\/abd.ong\/ca\/ofertes-feina\/tecnic-a-prevencio-riscos-laborals\/#breadcrumb","itemListElement":[{"@type":"ListItem","position":1,"name":"Inici","item":"https:\/\/abd.ong\/ca\/"},{"@type":"ListItem","position":2,"name":"Ofertes de feina","item":"https:\/\/abd.ong\/ca\/ofertes-feina\/"},{"@type":"ListItem","position":3,"name":"Tècnic\/a prevenció Riscos Laborals"}]},{"@type":"WebSite","@id":"https:\/\/abd.ong\/ca\/#website","url":"https:\/\/abd.ong\/ca\/","name":"ABD","description":"Asociación Bienestar y Desarrollo","publisher":{"@id":"https:\/\/abd.ong\/ca\/#organization"},"potentialAction":[{"@type":"SearchAction","target":{"@type":"EntryPoint","urlTemplate":"https:\/\/abd.ong\/ca\/?s={search_term_string}"},"query-input":{"@type":"PropertyValueSpecification","valueRequired":true,"valueName":"search_term_string"}}],"inLanguage":"ca"},{"@type":"Organization","@id":"https:\/\/abd.ong\/ca\/#organization","name":"Associació Benestar i Desenvolupament","alternateName":"ABD","url":"https:\/\/abd.ong\/ca\/","logo":{"@type":"ImageObject","inLanguage":"ca","@id":"https:\/\/abd.ong\/ca\/#\/schema\/logo\/image\/","url":"https:\/\/abd.ong\/wp-content\/uploads\/2023\/01\/Icona.png","contentUrl":"https:\/\/abd.ong\/wp-content\/uploads\/2023\/01\/Icona.png","width":190,"height":187,"caption":"Associació Benestar i Desenvolupament"},"image":{"@id":"https:\/\/abd.ong\/ca\/#\/schema\/logo\/image\/"},"sameAs":["https:\/\/www.facebook.com\/abd.ong","https:\/\/x.com\/abd_ong","https:\/\/www.instagram.com\/abd_ong\/","https:\/\/www.linkedin.com\/company\/abdong","https:\/\/www.youtube.com\/user\/CANALABD"]}]}</script>
<!-- / Yoast SEO plugin. -->

Oferta de feina - Tècnic/a prevenció Riscos Laborals - ABD

Busquem Tècnic/a de Prevenció de Riscos Laborals Júnior a 35h per a cobrir vacant per cobertura de lloc de 3 mesos per excedència (possibilitat

Asociación Bienestar y Desarrollo

Associació Benestar i Desenvolupament
