{"id":40675,"date":"2023-02-01T13:59:29","date_gmt":"2023-02-01T12:59:29","guid":{"rendered":"https:\/\/abd.ong\/jobs\/administratiu-a-de-subvencions\/"},"modified":"2023-02-06T10:42:39","modified_gmt":"2023-02-06T09:42:39","slug":"administratiu-a-de-subvencions","status":"publish","type":"job","link":"https:\/\/abd.ong\/ca\/ofertes-feina\/administratiu-a-de-subvencions\/","title":{"rendered":"Administratiu\/va de SUBVENCIONS"},"content":{"rendered":"\n<p>Que busquem?&#13;\nAdministratiu\/va especialista en justificacions i concursos per al departament d&#8217;administraci\u00f3 de la nostra organitzaci\u00f3.&#13;\nFuncions: Gesti\u00f3 de subvencions, justificaci\u00f3 d&#8217;aquestes i presentaci\u00f3 a subvencions tant nacionals com internacionals, aix\u00ed com a concursos de l&#8217;\u00e0mbit.<\/p>\n\n<p><strong>Requisits:<\/strong><\/p>\n\n<ul class=\"wp-block-list\">\n<li> Titulaci\u00f3 superior en Administraci\u00f3 i\/o finan\u00e7es<\/li>\n\n\n\n<li>Experi\u00e8ncia m\u00ednima de 1-5 anys en entitats socials<\/li>\n<\/ul>\n\n<p><strong>Horari<\/strong>: 38.5h\/setmana de dilluns a divendres de matins + 2 dies fins a les 18h<\/p>\n\n<p><strong>Salari<\/strong>: 18.000 &#8211; 23.000\u20ac bruts\/any, segons titulaci\u00f3. CONTRACTE INDEFINIT<\/p>\n\n<p><strong>Lloc<\/strong>: Barcelona, Gr\u00e0cia<\/p>\n","protected":false},"excerpt":{"rendered":"<p>Que busquem?&#13; Administratiu\/va especialista en justificacions i concursos per al departament d&#8217;administraci\u00f3 de la nostra organitzaci\u00f3.&#13; Funcions: Gesti\u00f3 de subvencions, justificaci\u00f3 d&#8217;aquestes i presentaci\u00f3 a subvencions tant nacionals com internacionals,&hellip;<\/p>\n","protected":false},"featured_media":0,"template":"","provincia":[1743],"class_list":["post-40675","job","type-job","status-publish","hentry","provincia-barcelona"],"acf":[],"yoast_head":"<!-- This site is optimized with the Yoast SEO plugin v27.4 - https:\/\/yoast.com\/product\/yoast-seo-wordpress\/ -->\n<title>Oferta de feina - Administratiu\/va de SUBVENCIONS - ABD<\/title>\n<meta name=\"description\" content=\"Que busquem?&#013; Administratiu\/va especialista en justificacions i concursos per al departament d&#039;administraci\u00f3 de la nostra organitzaci\u00f3.&#013; Funcions:\" \/>\n<meta name=\"robots\" content=\"index, follow, max-snippet:-1, max-image-preview:large, max-video-preview:-1\" \/>\n<link rel=\"canonical\" href=\"https:\/\/abd.ong\/ca\/ofertes-feina\/administratiu-a-de-subvencions\/\" \/>\n<meta property=\"og:locale\" content=\"ca_ES\" \/>\n<meta property=\"og:type\" content=\"article\" \/>\n<meta property=\"og:title\" content=\"Oferta de feina - Administratiu\/va de SUBVENCIONS - ABD\" \/>\n<meta property=\"og:description\" content=\"Que busquem?&#013; Administratiu\/va especialista en justificacions i concursos per al departament d&#039;administraci\u00f3 de la nostra organitzaci\u00f3.&#013; Funcions:\" \/>\n<meta property=\"og:url\" content=\"https:\/\/abd.ong\/ca\/ofertes-feina\/administratiu-a-de-subvencions\/\" \/>\n<meta property=\"og:site_name\" content=\"ABD\" \/>\n<meta property=\"article:publisher\" content=\"https:\/\/www.facebook.com\/abd.ong\" \/>\n<meta property=\"article:modified_time\" content=\"2023-02-06T09:42:39+00:00\" \/>\n<meta property=\"og:image\" content=\"https:\/\/abd.ong\/wp-content\/uploads\/2023\/01\/ABDLEMA_Hor_Esp-1.png\" \/>\n\t<meta property=\"og:image:width\" content=\"471\" \/>\n\t<meta property=\"og:image:height\" content=\"94\" \/>\n\t<meta property=\"og:image:type\" content=\"image\/png\" \/>\n<meta name=\"twitter:card\" content=\"summary_large_image\" \/>\n<meta name=\"twitter:site\" content=\"@abd_ong\" \/>\n<script type=\"application\/ld+json\" class=\"yoast-schema-graph\">{\"@context\":\"https:\\\/\\\/schema.org\",\"@graph\":[{\"@type\":\"WebPage\",\"@id\":\"https:\\\/\\\/abd.ong\\\/ca\\\/ofertes-feina\\\/administratiu-a-de-subvencions\\\/\",\"url\":\"https:\\\/\\\/abd.ong\\\/ca\\\/ofertes-feina\\\/administratiu-a-de-subvencions\\\/\",\"name\":\"Oferta de feina - Administratiu\\\/va de SUBVENCIONS - ABD\",\"isPartOf\":{\"@id\":\"https:\\\/\\\/abd.ong\\\/ca\\\/#website\"},\"datePublished\":\"2023-02-01T12:59:29+00:00\",\"dateModified\":\"2023-02-06T09:42:39+00:00\",\"description\":\"Que busquem?&#13; Administratiu\\\/va especialista en justificacions i concursos per al departament d'administraci\u00f3 de la nostra organitzaci\u00f3.&#13; Funcions:\",\"breadcrumb\":{\"@id\":\"https:\\\/\\\/abd.ong\\\/ca\\\/ofertes-feina\\\/administratiu-a-de-subvencions\\\/#breadcrumb\"},\"inLanguage\":\"ca\",\"potentialAction\":[{\"@type\":\"ReadAction\",\"target\":[\"https:\\\/\\\/abd.ong\\\/ca\\\/ofertes-feina\\\/administratiu-a-de-subvencions\\\/\"]}]},{\"@type\":\"BreadcrumbList\",\"@id\":\"https:\\\/\\\/abd.ong\\\/ca\\\/ofertes-feina\\\/administratiu-a-de-subvencions\\\/#breadcrumb\",\"itemListElement\":[{\"@type\":\"ListItem\",\"position\":1,\"name\":\"Inici\",\"item\":\"https:\\\/\\\/abd.ong\\\/ca\\\/\"},{\"@type\":\"ListItem\",\"position\":2,\"name\":\"Ofertes de feina\",\"item\":\"https:\\\/\\\/abd.ong\\\/ca\\\/ofertes-feina\\\/\"},{\"@type\":\"ListItem\",\"position\":3,\"name\":\"Administratiu\\\/va de SUBVENCIONS\"}]},{\"@type\":\"WebSite\",\"@id\":\"https:\\\/\\\/abd.ong\\\/ca\\\/#website\",\"url\":\"https:\\\/\\\/abd.ong\\\/ca\\\/\",\"name\":\"ABD\",\"description\":\"Asociaci\u00f3n Bienestar y Desarrollo\",\"publisher\":{\"@id\":\"https:\\\/\\\/abd.ong\\\/ca\\\/#organization\"},\"potentialAction\":[{\"@type\":\"SearchAction\",\"target\":{\"@type\":\"EntryPoint\",\"urlTemplate\":\"https:\\\/\\\/abd.ong\\\/ca\\\/?s={search_term_string}\"},\"query-input\":{\"@type\":\"PropertyValueSpecification\",\"valueRequired\":true,\"valueName\":\"search_term_string\"}}],\"inLanguage\":\"ca\"},{\"@type\":\"Organization\",\"@id\":\"https:\\\/\\\/abd.ong\\\/ca\\\/#organization\",\"name\":\"Associaci\u00f3 Benestar i Desenvolupament\",\"alternateName\":\"ABD\",\"url\":\"https:\\\/\\\/abd.ong\\\/ca\\\/\",\"logo\":{\"@type\":\"ImageObject\",\"inLanguage\":\"ca\",\"@id\":\"https:\\\/\\\/abd.ong\\\/ca\\\/#\\\/schema\\\/logo\\\/image\\\/\",\"url\":\"https:\\\/\\\/abd.ong\\\/wp-content\\\/uploads\\\/2023\\\/01\\\/Icona.png\",\"contentUrl\":\"https:\\\/\\\/abd.ong\\\/wp-content\\\/uploads\\\/2023\\\/01\\\/Icona.png\",\"width\":190,\"height\":187,\"caption\":\"Associaci\u00f3 Benestar i Desenvolupament\"},\"image\":{\"@id\":\"https:\\\/\\\/abd.ong\\\/ca\\\/#\\\/schema\\\/logo\\\/image\\\/\"},\"sameAs\":[\"https:\\\/\\\/www.facebook.com\\\/abd.ong\",\"https:\\\/\\\/x.com\\\/abd_ong\",\"https:\\\/\\\/www.instagram.com\\\/abd_ong\\\/\",\"https:\\\/\\\/www.linkedin.com\\\/company\\\/abdong\",\"https:\\\/\\\/www.youtube.com\\\/user\\\/CANALABD\"]}]}<\/script>\n<!-- \/ Yoast SEO plugin. -->","yoast_head_json":{"title":"Oferta de feina - Administratiu\/va de SUBVENCIONS - ABD","description":"Que busquem?&#13; Administratiu\/va especialista en justificacions i concursos per al departament d'administraci\u00f3 de la nostra organitzaci\u00f3.&#13; Funcions:","robots":{"index":"index","follow":"follow","max-snippet":"max-snippet:-1","max-image-preview":"max-image-preview:large","max-video-preview":"max-video-preview:-1"},"canonical":"https:\/\/abd.ong\/ca\/ofertes-feina\/administratiu-a-de-subvencions\/","og_locale":"ca_ES","og_type":"article","og_title":"Oferta de feina - Administratiu\/va de SUBVENCIONS - ABD","og_description":"Que busquem?&#13; Administratiu\/va especialista en justificacions i concursos per al departament d'administraci\u00f3 de la nostra organitzaci\u00f3.&#13; Funcions:","og_url":"https:\/\/abd.ong\/ca\/ofertes-feina\/administratiu-a-de-subvencions\/","og_site_name":"ABD","article_publisher":"https:\/\/www.facebook.com\/abd.ong","article_modified_time":"2023-02-06T09:42:39+00:00","og_image":[{"width":471,"height":94,"url":"https:\/\/abd.ong\/wp-content\/uploads\/2023\/01\/ABDLEMA_Hor_Esp-1.png","type":"image\/png"}],"twitter_card":"summary_large_image","twitter_site":"@abd_ong","schema":{"@context":"https:\/\/schema.org","@graph":[{"@type":"WebPage","@id":"https:\/\/abd.ong\/ca\/ofertes-feina\/administratiu-a-de-subvencions\/","url":"https:\/\/abd.ong\/ca\/ofertes-feina\/administratiu-a-de-subvencions\/","name":"Oferta de feina - Administratiu\/va de SUBVENCIONS - ABD","isPartOf":{"@id":"https:\/\/abd.ong\/ca\/#website"},"datePublished":"2023-02-01T12:59:29+00:00","dateModified":"2023-02-06T09:42:39+00:00","description":"Que busquem?&#13; Administratiu\/va especialista en justificacions i concursos per al departament d'administraci\u00f3 de la nostra organitzaci\u00f3.&#13; Funcions:","breadcrumb":{"@id":"https:\/\/abd.ong\/ca\/ofertes-feina\/administratiu-a-de-subvencions\/#breadcrumb"},"inLanguage":"ca","potentialAction":[{"@type":"ReadAction","target":["https:\/\/abd.ong\/ca\/ofertes-feina\/administratiu-a-de-subvencions\/"]}]},{"@type":"BreadcrumbList","@id":"https:\/\/abd.ong\/ca\/ofertes-feina\/administratiu-a-de-subvencions\/#breadcrumb","itemListElement":[{"@type":"ListItem","position":1,"name":"Inici","item":"https:\/\/abd.ong\/ca\/"},{"@type":"ListItem","position":2,"name":"Ofertes de feina","item":"https:\/\/abd.ong\/ca\/ofertes-feina\/"},{"@type":"ListItem","position":3,"name":"Administratiu\/va de SUBVENCIONS"}]},{"@type":"WebSite","@id":"https:\/\/abd.ong\/ca\/#website","url":"https:\/\/abd.ong\/ca\/","name":"ABD","description":"Asociaci\u00f3n Bienestar y Desarrollo","publisher":{"@id":"https:\/\/abd.ong\/ca\/#organization"},"potentialAction":[{"@type":"SearchAction","target":{"@type":"EntryPoint","urlTemplate":"https:\/\/abd.ong\/ca\/?s={search_term_string}"},"query-input":{"@type":"PropertyValueSpecification","valueRequired":true,"valueName":"search_term_string"}}],"inLanguage":"ca"},{"@type":"Organization","@id":"https:\/\/abd.ong\/ca\/#organization","name":"Associaci\u00f3 Benestar i Desenvolupament","alternateName":"ABD","url":"https:\/\/abd.ong\/ca\/","logo":{"@type":"ImageObject","inLanguage":"ca","@id":"https:\/\/abd.ong\/ca\/#\/schema\/logo\/image\/","url":"https:\/\/abd.ong\/wp-content\/uploads\/2023\/01\/Icona.png","contentUrl":"https:\/\/abd.ong\/wp-content\/uploads\/2023\/01\/Icona.png","width":190,"height":187,"caption":"Associaci\u00f3 Benestar i Desenvolupament"},"image":{"@id":"https:\/\/abd.ong\/ca\/#\/schema\/logo\/image\/"},"sameAs":["https:\/\/www.facebook.com\/abd.ong","https:\/\/x.com\/abd_ong","https:\/\/www.instagram.com\/abd_ong\/","https:\/\/www.linkedin.com\/company\/abdong","https:\/\/www.youtube.com\/user\/CANALABD"]}]}},"_links":{"self":[{"href":"https:\/\/abd.ong\/ca\/wp-json\/wp\/v2\/job\/40675","targetHints":{"allow":["GET"]}}],"collection":[{"href":"https:\/\/abd.ong\/ca\/wp-json\/wp\/v2\/job"}],"about":[{"href":"https:\/\/abd.ong\/ca\/wp-json\/wp\/v2\/types\/job"}],"wp:attachment":[{"href":"https:\/\/abd.ong\/ca\/wp-json\/wp\/v2\/media?parent=40675"}],"wp:term":[{"taxonomy":"provincia","embeddable":true,"href":"https:\/\/abd.ong\/ca\/wp-json\/wp\/v2\/provincia?post=40675"}],"curies":[{"name":"wp","href":"https:\/\/api.w.org\/{rel}","templated":true}]}}

<p>Que busquem?&#13;
Administratiu/va especialista en justificacions i concursos per al departament d&#8217;administració de la nostra organització.&#13;
Funcions: Gestió de subvencions, justificació d&#8217;aquestes i presentació a subvencions tant nacionals com internacionals, així com a concursos de l&#8217;àmbit.</p>

<p><strong>Requisits:</strong></p>

<ul class="wp-block-list">
<li> Titulació superior en Administració i/o finançes</li>



<li>Experiència mínima de 1-5 anys en entitats socials</li>
</ul>

<p><strong>Horari</strong>: 38.5h/setmana de dilluns a divendres de matins + 2 dies fins a les 18h</p>

<p><strong>Salari</strong>: 18.000 &#8211; 23.000€ bruts/any, segons titulació. CONTRACTE INDEFINIT</p>

<p><strong>Lloc</strong>: Barcelona, Gràcia</p>

<p>Que busquem?&#13; Administratiu/va especialista en justificacions i concursos per al departament d&#8217;administració de la nostra organització.&#13; Funcions: Gestió de subvencions, justificació d&#8217;aquestes i presentació a subvencions tant nacionals com internacionals,&hellip;</p>

<!-- This site is optimized with the Yoast SEO plugin v27.4 - https://yoast.com/product/yoast-seo-wordpress/ -->
<title>Oferta de feina - Administratiu/va de SUBVENCIONS - ABD</title>
<meta name="description" content="Que busquem?&#013; Administratiu/va especialista en justificacions i concursos per al departament d&#039;administració de la nostra organització.&#013; Funcions:" />
<meta name="robots" content="index, follow, max-snippet:-1, max-image-preview:large, max-video-preview:-1" />
<link rel="canonical" href="https://abd.ong/ca/ofertes-feina/administratiu-a-de-subvencions/" />
<meta property="og:locale" content="ca_ES" />
<meta property="og:type" content="article" />
<meta property="og:title" content="Oferta de feina - Administratiu/va de SUBVENCIONS - ABD" />
<meta property="og:description" content="Que busquem?&#013; Administratiu/va especialista en justificacions i concursos per al departament d&#039;administració de la nostra organització.&#013; Funcions:" />
<meta property="og:url" content="https://abd.ong/ca/ofertes-feina/administratiu-a-de-subvencions/" />
<meta property="og:site_name" content="ABD" />
<meta property="article:publisher" content="https://www.facebook.com/abd.ong" />
<meta property="article:modified_time" content="2023-02-06T09:42:39+00:00" />
<meta property="og:image" content="https://abd.ong/wp-content/uploads/2023/01/ABDLEMA_Hor_Esp-1.png" />
	<meta property="og:image:width" content="471" />
	<meta property="og:image:height" content="94" />
	<meta property="og:image:type" content="image/png" />
<meta name="twitter:card" content="summary_large_image" />
<meta name="twitter:site" content="@abd_ong" />
<script type="application/ld+json" class="yoast-schema-graph">{"@context":"https:\/\/schema.org","@graph":[{"@type":"WebPage","@id":"https:\/\/abd.ong\/ca\/ofertes-feina\/administratiu-a-de-subvencions\/","url":"https:\/\/abd.ong\/ca\/ofertes-feina\/administratiu-a-de-subvencions\/","name":"Oferta de feina - Administratiu\/va de SUBVENCIONS - ABD","isPartOf":{"@id":"https:\/\/abd.ong\/ca\/#website"},"datePublished":"2023-02-01T12:59:29+00:00","dateModified":"2023-02-06T09:42:39+00:00","description":"Que busquem?&#13; Administratiu\/va especialista en justificacions i concursos per al departament d'administració de la nostra organització.&#13; Funcions:","breadcrumb":{"@id":"https:\/\/abd.ong\/ca\/ofertes-feina\/administratiu-a-de-subvencions\/#breadcrumb"},"inLanguage":"ca","potentialAction":[{"@type":"ReadAction","target":["https:\/\/abd.ong\/ca\/ofertes-feina\/administratiu-a-de-subvencions\/"]}]},{"@type":"BreadcrumbList","@id":"https:\/\/abd.ong\/ca\/ofertes-feina\/administratiu-a-de-subvencions\/#breadcrumb","itemListElement":[{"@type":"ListItem","position":1,"name":"Inici","item":"https:\/\/abd.ong\/ca\/"},{"@type":"ListItem","position":2,"name":"Ofertes de feina","item":"https:\/\/abd.ong\/ca\/ofertes-feina\/"},{"@type":"ListItem","position":3,"name":"Administratiu\/va de SUBVENCIONS"}]},{"@type":"WebSite","@id":"https:\/\/abd.ong\/ca\/#website","url":"https:\/\/abd.ong\/ca\/","name":"ABD","description":"Asociación Bienestar y Desarrollo","publisher":{"@id":"https:\/\/abd.ong\/ca\/#organization"},"potentialAction":[{"@type":"SearchAction","target":{"@type":"EntryPoint","urlTemplate":"https:\/\/abd.ong\/ca\/?s={search_term_string}"},"query-input":{"@type":"PropertyValueSpecification","valueRequired":true,"valueName":"search_term_string"}}],"inLanguage":"ca"},{"@type":"Organization","@id":"https:\/\/abd.ong\/ca\/#organization","name":"Associació Benestar i Desenvolupament","alternateName":"ABD","url":"https:\/\/abd.ong\/ca\/","logo":{"@type":"ImageObject","inLanguage":"ca","@id":"https:\/\/abd.ong\/ca\/#\/schema\/logo\/image\/","url":"https:\/\/abd.ong\/wp-content\/uploads\/2023\/01\/Icona.png","contentUrl":"https:\/\/abd.ong\/wp-content\/uploads\/2023\/01\/Icona.png","width":190,"height":187,"caption":"Associació Benestar i Desenvolupament"},"image":{"@id":"https:\/\/abd.ong\/ca\/#\/schema\/logo\/image\/"},"sameAs":["https:\/\/www.facebook.com\/abd.ong","https:\/\/x.com\/abd_ong","https:\/\/www.instagram.com\/abd_ong\/","https:\/\/www.linkedin.com\/company\/abdong","https:\/\/www.youtube.com\/user\/CANALABD"]}]}</script>
<!-- / Yoast SEO plugin. -->

Que busquem?&#13; Administratiu/va especialista en justificacions i concursos per al departament d'administració de la nostra organització.&#13; Funcions:

Asociación Bienestar y Desarrollo

Associació Benestar i Desenvolupament
