{"id":37241,"date":"2022-10-04T11:19:16","date_gmt":"2022-10-04T09:19:16","guid":{"rendered":"https:\/\/abd.ong\/jobs\/logopeda-cdiap-pont-de-suert\/"},"modified":"2023-01-27T11:01:24","modified_gmt":"2023-01-27T10:01:24","slug":"logopeda-cdiap-pont-de-suert","status":"publish","type":"job","link":"https:\/\/abd.ong\/ca\/ofertes-feina\/logopeda-cdiap-pont-de-suert\/","title":{"rendered":"Logopeda CDIAP-Pont de Suert"},"content":{"rendered":"\n<p>Logopeda al CDIAP d\u2019Alta Ribagor\u00e7a.&#13;\nAtenci\u00f3 a primeres visites, elaboraci\u00f3 diagn\u00f2stic de llenguatge i evoluci\u00f3, intervenci\u00f3 amb infants i fam\u00edlies, treball en xarxa, registre activitat, realitzaci\u00f3 mem\u00f2ries, tallers i observaci\u00f3 a escola bressol.<\/p>\n\n<p><strong>S&#8217;ofereix contracte indefinit a 10 hores setmanals amb horari a concretar<\/strong> (que poden estar repartits en 1 o 2 dies (entre setmana).<\/p>\n\n<p><strong>REQUISITS<\/strong>: Grau Relacionat (preferiblement logopeda o magisteri) + M\u00ednim d&#8217;1 any d&#8217;experi\u00e8ncia en logop\u00e8dia amb infants&#13;\nEs valoren estudis complementaris de M\u00e0sters, Postgraus o Formaci\u00f3 Espec\u00edfica en la mat\u00e8ria.<\/p>\n\n<p><strong>LLOC DE LA FEINA<\/strong>: Pont de Suert (es recoma consultar mapa). Abstenir-se si no es pot acudir de manera presencial.<\/p>\n\n<p><strong>SALARI<\/strong>: 620\u20ac\/b aprox x 14 pagues segons conveni d&#8217;Atenci\u00f3 preco\u00e7.<\/p>\n\n<p><\/p>\n","protected":false},"excerpt":{"rendered":"<p>Logopeda al CDIAP d\u2019Alta Ribagor\u00e7a.&#13; Atenci\u00f3 a primeres visites, elaboraci\u00f3 diagn\u00f2stic de llenguatge i evoluci\u00f3, intervenci\u00f3 amb infants i fam\u00edlies, treball en xarxa, registre activitat, realitzaci\u00f3 mem\u00f2ries, tallers i observaci\u00f3&hellip;<\/p>\n","protected":false},"featured_media":0,"template":"","provincia":[1763],"class_list":["post-37241","job","type-job","status-publish","hentry","provincia-lleida"],"acf":[],"yoast_head":"<!-- This site is optimized with the Yoast SEO plugin v27.4 - https:\/\/yoast.com\/product\/yoast-seo-wordpress\/ -->\n<title>Oferta de feina - Logopeda CDIAP-Pont de Suert - ABD<\/title>\n<meta name=\"description\" content=\"Logopeda al CDIAP d\u2019Alta Ribagor\u00e7a.&#013; Atenci\u00f3 a primeres visites, elaboraci\u00f3 diagn\u00f2stic de llenguatge i evoluci\u00f3, intervenci\u00f3 amb infants i fam\u00edlies,\" \/>\n<meta name=\"robots\" content=\"index, follow, max-snippet:-1, max-image-preview:large, max-video-preview:-1\" \/>\n<link rel=\"canonical\" href=\"https:\/\/abd.ong\/ca\/ofertes-feina\/logopeda-cdiap-pont-de-suert\/\" \/>\n<meta property=\"og:locale\" content=\"ca_ES\" \/>\n<meta property=\"og:type\" content=\"article\" \/>\n<meta property=\"og:title\" content=\"Oferta de feina - Logopeda CDIAP-Pont de Suert - ABD\" \/>\n<meta property=\"og:description\" content=\"Logopeda al CDIAP d\u2019Alta Ribagor\u00e7a.&#013; Atenci\u00f3 a primeres visites, elaboraci\u00f3 diagn\u00f2stic de llenguatge i evoluci\u00f3, intervenci\u00f3 amb infants i fam\u00edlies,\" \/>\n<meta property=\"og:url\" content=\"https:\/\/abd.ong\/ca\/ofertes-feina\/logopeda-cdiap-pont-de-suert\/\" \/>\n<meta property=\"og:site_name\" content=\"ABD\" \/>\n<meta property=\"article:publisher\" content=\"https:\/\/www.facebook.com\/abd.ong\" \/>\n<meta property=\"article:modified_time\" content=\"2023-01-27T10:01:24+00:00\" \/>\n<meta property=\"og:image\" content=\"https:\/\/abd.ong\/wp-content\/uploads\/2023\/01\/ABDLEMA_Hor_Esp-1.png\" \/>\n\t<meta property=\"og:image:width\" content=\"471\" \/>\n\t<meta property=\"og:image:height\" content=\"94\" \/>\n\t<meta property=\"og:image:type\" content=\"image\/png\" \/>\n<meta name=\"twitter:card\" content=\"summary_large_image\" \/>\n<meta name=\"twitter:site\" content=\"@abd_ong\" \/>\n<meta name=\"twitter:label1\" content=\"Temps estimat de lectura\" \/>\n\t<meta name=\"twitter:data1\" content=\"1 minut\" \/>\n<script type=\"application\/ld+json\" class=\"yoast-schema-graph\">{\"@context\":\"https:\\\/\\\/schema.org\",\"@graph\":[{\"@type\":\"WebPage\",\"@id\":\"https:\\\/\\\/abd.ong\\\/ca\\\/ofertes-feina\\\/logopeda-cdiap-pont-de-suert\\\/\",\"url\":\"https:\\\/\\\/abd.ong\\\/ca\\\/ofertes-feina\\\/logopeda-cdiap-pont-de-suert\\\/\",\"name\":\"Oferta de feina - Logopeda CDIAP-Pont de Suert - ABD\",\"isPartOf\":{\"@id\":\"https:\\\/\\\/abd.ong\\\/ca\\\/#website\"},\"datePublished\":\"2022-10-04T09:19:16+00:00\",\"dateModified\":\"2023-01-27T10:01:24+00:00\",\"description\":\"Logopeda al CDIAP d\u2019Alta Ribagor\u00e7a.&#13; Atenci\u00f3 a primeres visites, elaboraci\u00f3 diagn\u00f2stic de llenguatge i evoluci\u00f3, intervenci\u00f3 amb infants i fam\u00edlies,\",\"breadcrumb\":{\"@id\":\"https:\\\/\\\/abd.ong\\\/ca\\\/ofertes-feina\\\/logopeda-cdiap-pont-de-suert\\\/#breadcrumb\"},\"inLanguage\":\"ca\",\"potentialAction\":[{\"@type\":\"ReadAction\",\"target\":[\"https:\\\/\\\/abd.ong\\\/ca\\\/ofertes-feina\\\/logopeda-cdiap-pont-de-suert\\\/\"]}]},{\"@type\":\"BreadcrumbList\",\"@id\":\"https:\\\/\\\/abd.ong\\\/ca\\\/ofertes-feina\\\/logopeda-cdiap-pont-de-suert\\\/#breadcrumb\",\"itemListElement\":[{\"@type\":\"ListItem\",\"position\":1,\"name\":\"Inici\",\"item\":\"https:\\\/\\\/abd.ong\\\/ca\\\/\"},{\"@type\":\"ListItem\",\"position\":2,\"name\":\"Ofertes de feina\",\"item\":\"https:\\\/\\\/abd.ong\\\/ca\\\/ofertes-feina\\\/\"},{\"@type\":\"ListItem\",\"position\":3,\"name\":\"Logopeda CDIAP-Pont de Suert\"}]},{\"@type\":\"WebSite\",\"@id\":\"https:\\\/\\\/abd.ong\\\/ca\\\/#website\",\"url\":\"https:\\\/\\\/abd.ong\\\/ca\\\/\",\"name\":\"ABD\",\"description\":\"Asociaci\u00f3n Bienestar y Desarrollo\",\"publisher\":{\"@id\":\"https:\\\/\\\/abd.ong\\\/ca\\\/#organization\"},\"potentialAction\":[{\"@type\":\"SearchAction\",\"target\":{\"@type\":\"EntryPoint\",\"urlTemplate\":\"https:\\\/\\\/abd.ong\\\/ca\\\/?s={search_term_string}\"},\"query-input\":{\"@type\":\"PropertyValueSpecification\",\"valueRequired\":true,\"valueName\":\"search_term_string\"}}],\"inLanguage\":\"ca\"},{\"@type\":\"Organization\",\"@id\":\"https:\\\/\\\/abd.ong\\\/ca\\\/#organization\",\"name\":\"Associaci\u00f3 Benestar i Desenvolupament\",\"alternateName\":\"ABD\",\"url\":\"https:\\\/\\\/abd.ong\\\/ca\\\/\",\"logo\":{\"@type\":\"ImageObject\",\"inLanguage\":\"ca\",\"@id\":\"https:\\\/\\\/abd.ong\\\/ca\\\/#\\\/schema\\\/logo\\\/image\\\/\",\"url\":\"https:\\\/\\\/abd.ong\\\/wp-content\\\/uploads\\\/2023\\\/01\\\/Icona.png\",\"contentUrl\":\"https:\\\/\\\/abd.ong\\\/wp-content\\\/uploads\\\/2023\\\/01\\\/Icona.png\",\"width\":190,\"height\":187,\"caption\":\"Associaci\u00f3 Benestar i Desenvolupament\"},\"image\":{\"@id\":\"https:\\\/\\\/abd.ong\\\/ca\\\/#\\\/schema\\\/logo\\\/image\\\/\"},\"sameAs\":[\"https:\\\/\\\/www.facebook.com\\\/abd.ong\",\"https:\\\/\\\/x.com\\\/abd_ong\",\"https:\\\/\\\/www.instagram.com\\\/abd_ong\\\/\",\"https:\\\/\\\/www.linkedin.com\\\/company\\\/abdong\",\"https:\\\/\\\/www.youtube.com\\\/user\\\/CANALABD\"]}]}<\/script>\n<!-- \/ Yoast SEO plugin. -->","yoast_head_json":{"title":"Oferta de feina - Logopeda CDIAP-Pont de Suert - ABD","description":"Logopeda al CDIAP d\u2019Alta Ribagor\u00e7a.&#13; Atenci\u00f3 a primeres visites, elaboraci\u00f3 diagn\u00f2stic de llenguatge i evoluci\u00f3, intervenci\u00f3 amb infants i fam\u00edlies,","robots":{"index":"index","follow":"follow","max-snippet":"max-snippet:-1","max-image-preview":"max-image-preview:large","max-video-preview":"max-video-preview:-1"},"canonical":"https:\/\/abd.ong\/ca\/ofertes-feina\/logopeda-cdiap-pont-de-suert\/","og_locale":"ca_ES","og_type":"article","og_title":"Oferta de feina - Logopeda CDIAP-Pont de Suert - ABD","og_description":"Logopeda al CDIAP d\u2019Alta Ribagor\u00e7a.&#13; Atenci\u00f3 a primeres visites, elaboraci\u00f3 diagn\u00f2stic de llenguatge i evoluci\u00f3, intervenci\u00f3 amb infants i fam\u00edlies,","og_url":"https:\/\/abd.ong\/ca\/ofertes-feina\/logopeda-cdiap-pont-de-suert\/","og_site_name":"ABD","article_publisher":"https:\/\/www.facebook.com\/abd.ong","article_modified_time":"2023-01-27T10:01:24+00:00","og_image":[{"width":471,"height":94,"url":"https:\/\/abd.ong\/wp-content\/uploads\/2023\/01\/ABDLEMA_Hor_Esp-1.png","type":"image\/png"}],"twitter_card":"summary_large_image","twitter_site":"@abd_ong","twitter_misc":{"Temps estimat de lectura":"1 minut"},"schema":{"@context":"https:\/\/schema.org","@graph":[{"@type":"WebPage","@id":"https:\/\/abd.ong\/ca\/ofertes-feina\/logopeda-cdiap-pont-de-suert\/","url":"https:\/\/abd.ong\/ca\/ofertes-feina\/logopeda-cdiap-pont-de-suert\/","name":"Oferta de feina - Logopeda CDIAP-Pont de Suert - ABD","isPartOf":{"@id":"https:\/\/abd.ong\/ca\/#website"},"datePublished":"2022-10-04T09:19:16+00:00","dateModified":"2023-01-27T10:01:24+00:00","description":"Logopeda al CDIAP d\u2019Alta Ribagor\u00e7a.&#13; Atenci\u00f3 a primeres visites, elaboraci\u00f3 diagn\u00f2stic de llenguatge i evoluci\u00f3, intervenci\u00f3 amb infants i fam\u00edlies,","breadcrumb":{"@id":"https:\/\/abd.ong\/ca\/ofertes-feina\/logopeda-cdiap-pont-de-suert\/#breadcrumb"},"inLanguage":"ca","potentialAction":[{"@type":"ReadAction","target":["https:\/\/abd.ong\/ca\/ofertes-feina\/logopeda-cdiap-pont-de-suert\/"]}]},{"@type":"BreadcrumbList","@id":"https:\/\/abd.ong\/ca\/ofertes-feina\/logopeda-cdiap-pont-de-suert\/#breadcrumb","itemListElement":[{"@type":"ListItem","position":1,"name":"Inici","item":"https:\/\/abd.ong\/ca\/"},{"@type":"ListItem","position":2,"name":"Ofertes de feina","item":"https:\/\/abd.ong\/ca\/ofertes-feina\/"},{"@type":"ListItem","position":3,"name":"Logopeda CDIAP-Pont de Suert"}]},{"@type":"WebSite","@id":"https:\/\/abd.ong\/ca\/#website","url":"https:\/\/abd.ong\/ca\/","name":"ABD","description":"Asociaci\u00f3n Bienestar y Desarrollo","publisher":{"@id":"https:\/\/abd.ong\/ca\/#organization"},"potentialAction":[{"@type":"SearchAction","target":{"@type":"EntryPoint","urlTemplate":"https:\/\/abd.ong\/ca\/?s={search_term_string}"},"query-input":{"@type":"PropertyValueSpecification","valueRequired":true,"valueName":"search_term_string"}}],"inLanguage":"ca"},{"@type":"Organization","@id":"https:\/\/abd.ong\/ca\/#organization","name":"Associaci\u00f3 Benestar i Desenvolupament","alternateName":"ABD","url":"https:\/\/abd.ong\/ca\/","logo":{"@type":"ImageObject","inLanguage":"ca","@id":"https:\/\/abd.ong\/ca\/#\/schema\/logo\/image\/","url":"https:\/\/abd.ong\/wp-content\/uploads\/2023\/01\/Icona.png","contentUrl":"https:\/\/abd.ong\/wp-content\/uploads\/2023\/01\/Icona.png","width":190,"height":187,"caption":"Associaci\u00f3 Benestar i Desenvolupament"},"image":{"@id":"https:\/\/abd.ong\/ca\/#\/schema\/logo\/image\/"},"sameAs":["https:\/\/www.facebook.com\/abd.ong","https:\/\/x.com\/abd_ong","https:\/\/www.instagram.com\/abd_ong\/","https:\/\/www.linkedin.com\/company\/abdong","https:\/\/www.youtube.com\/user\/CANALABD"]}]}},"_links":{"self":[{"href":"https:\/\/abd.ong\/ca\/wp-json\/wp\/v2\/job\/37241","targetHints":{"allow":["GET"]}}],"collection":[{"href":"https:\/\/abd.ong\/ca\/wp-json\/wp\/v2\/job"}],"about":[{"href":"https:\/\/abd.ong\/ca\/wp-json\/wp\/v2\/types\/job"}],"wp:attachment":[{"href":"https:\/\/abd.ong\/ca\/wp-json\/wp\/v2\/media?parent=37241"}],"wp:term":[{"taxonomy":"provincia","embeddable":true,"href":"https:\/\/abd.ong\/ca\/wp-json\/wp\/v2\/provincia?post=37241"}],"curies":[{"name":"wp","href":"https:\/\/api.w.org\/{rel}","templated":true}]}}

<p>Logopeda al CDIAP d’Alta Ribagorça.&#13;
Atenció a primeres visites, elaboració diagnòstic de llenguatge i evolució, intervenció amb infants i famílies, treball en xarxa, registre activitat, realització memòries, tallers i observació a escola bressol.</p>

<p><strong>S&#8217;ofereix contracte indefinit a 10 hores setmanals amb horari a concretar</strong> (que poden estar repartits en 1 o 2 dies (entre setmana).</p>

<p><strong>REQUISITS</strong>: Grau Relacionat (preferiblement logopeda o magisteri) + Mínim d&#8217;1 any d&#8217;experiència en logopèdia amb infants&#13;
Es valoren estudis complementaris de Màsters, Postgraus o Formació Específica en la matèria.</p>

<p><strong>LLOC DE LA FEINA</strong>: Pont de Suert (es recoma consultar mapa). Abstenir-se si no es pot acudir de manera presencial.</p>

<p><strong>SALARI</strong>: 620€/b aprox x 14 pagues segons conveni d&#8217;Atenció precoç.</p>

<p></p>

<p>Logopeda al CDIAP d’Alta Ribagorça.&#13; Atenció a primeres visites, elaboració diagnòstic de llenguatge i evolució, intervenció amb infants i famílies, treball en xarxa, registre activitat, realització memòries, tallers i observació&hellip;</p>

<!-- This site is optimized with the Yoast SEO plugin v27.4 - https://yoast.com/product/yoast-seo-wordpress/ -->
<title>Oferta de feina - Logopeda CDIAP-Pont de Suert - ABD</title>
<meta name="description" content="Logopeda al CDIAP d’Alta Ribagorça.&#013; Atenció a primeres visites, elaboració diagnòstic de llenguatge i evolució, intervenció amb infants i famílies," />
<meta name="robots" content="index, follow, max-snippet:-1, max-image-preview:large, max-video-preview:-1" />
<link rel="canonical" href="https://abd.ong/ca/ofertes-feina/logopeda-cdiap-pont-de-suert/" />
<meta property="og:locale" content="ca_ES" />
<meta property="og:type" content="article" />
<meta property="og:title" content="Oferta de feina - Logopeda CDIAP-Pont de Suert - ABD" />
<meta property="og:description" content="Logopeda al CDIAP d’Alta Ribagorça.&#013; Atenció a primeres visites, elaboració diagnòstic de llenguatge i evolució, intervenció amb infants i famílies," />
<meta property="og:url" content="https://abd.ong/ca/ofertes-feina/logopeda-cdiap-pont-de-suert/" />
<meta property="og:site_name" content="ABD" />
<meta property="article:publisher" content="https://www.facebook.com/abd.ong" />
<meta property="article:modified_time" content="2023-01-27T10:01:24+00:00" />
<meta property="og:image" content="https://abd.ong/wp-content/uploads/2023/01/ABDLEMA_Hor_Esp-1.png" />
	<meta property="og:image:width" content="471" />
	<meta property="og:image:height" content="94" />
	<meta property="og:image:type" content="image/png" />
<meta name="twitter:card" content="summary_large_image" />
<meta name="twitter:site" content="@abd_ong" />
<meta name="twitter:label1" content="Temps estimat de lectura" />
	<meta name="twitter:data1" content="1 minut" />
<script type="application/ld+json" class="yoast-schema-graph">{"@context":"https:\/\/schema.org","@graph":[{"@type":"WebPage","@id":"https:\/\/abd.ong\/ca\/ofertes-feina\/logopeda-cdiap-pont-de-suert\/","url":"https:\/\/abd.ong\/ca\/ofertes-feina\/logopeda-cdiap-pont-de-suert\/","name":"Oferta de feina - Logopeda CDIAP-Pont de Suert - ABD","isPartOf":{"@id":"https:\/\/abd.ong\/ca\/#website"},"datePublished":"2022-10-04T09:19:16+00:00","dateModified":"2023-01-27T10:01:24+00:00","description":"Logopeda al CDIAP d’Alta Ribagorça.&#13; Atenció a primeres visites, elaboració diagnòstic de llenguatge i evolució, intervenció amb infants i famílies,","breadcrumb":{"@id":"https:\/\/abd.ong\/ca\/ofertes-feina\/logopeda-cdiap-pont-de-suert\/#breadcrumb"},"inLanguage":"ca","potentialAction":[{"@type":"ReadAction","target":["https:\/\/abd.ong\/ca\/ofertes-feina\/logopeda-cdiap-pont-de-suert\/"]}]},{"@type":"BreadcrumbList","@id":"https:\/\/abd.ong\/ca\/ofertes-feina\/logopeda-cdiap-pont-de-suert\/#breadcrumb","itemListElement":[{"@type":"ListItem","position":1,"name":"Inici","item":"https:\/\/abd.ong\/ca\/"},{"@type":"ListItem","position":2,"name":"Ofertes de feina","item":"https:\/\/abd.ong\/ca\/ofertes-feina\/"},{"@type":"ListItem","position":3,"name":"Logopeda CDIAP-Pont de Suert"}]},{"@type":"WebSite","@id":"https:\/\/abd.ong\/ca\/#website","url":"https:\/\/abd.ong\/ca\/","name":"ABD","description":"Asociación Bienestar y Desarrollo","publisher":{"@id":"https:\/\/abd.ong\/ca\/#organization"},"potentialAction":[{"@type":"SearchAction","target":{"@type":"EntryPoint","urlTemplate":"https:\/\/abd.ong\/ca\/?s={search_term_string}"},"query-input":{"@type":"PropertyValueSpecification","valueRequired":true,"valueName":"search_term_string"}}],"inLanguage":"ca"},{"@type":"Organization","@id":"https:\/\/abd.ong\/ca\/#organization","name":"Associació Benestar i Desenvolupament","alternateName":"ABD","url":"https:\/\/abd.ong\/ca\/","logo":{"@type":"ImageObject","inLanguage":"ca","@id":"https:\/\/abd.ong\/ca\/#\/schema\/logo\/image\/","url":"https:\/\/abd.ong\/wp-content\/uploads\/2023\/01\/Icona.png","contentUrl":"https:\/\/abd.ong\/wp-content\/uploads\/2023\/01\/Icona.png","width":190,"height":187,"caption":"Associació Benestar i Desenvolupament"},"image":{"@id":"https:\/\/abd.ong\/ca\/#\/schema\/logo\/image\/"},"sameAs":["https:\/\/www.facebook.com\/abd.ong","https:\/\/x.com\/abd_ong","https:\/\/www.instagram.com\/abd_ong\/","https:\/\/www.linkedin.com\/company\/abdong","https:\/\/www.youtube.com\/user\/CANALABD"]}]}</script>
<!-- / Yoast SEO plugin. -->

Logopeda al CDIAP d’Alta Ribagorça.&#13; Atenció a primeres visites, elaboració diagnòstic de llenguatge i evolució, intervenció amb infants i famílies,

Asociación Bienestar y Desarrollo

Associació Benestar i Desenvolupament
