{"id":150850,"date":"2023-06-01T13:16:25","date_gmt":"2023-06-01T11:16:25","guid":{"rendered":"https:\/\/abd.ong\/jobs\/treballador-a-social-i-o-educador-a-social\/"},"modified":"2023-06-01T14:30:20","modified_gmt":"2023-06-01T12:30:20","slug":"treballador-a-social-i-o-educador-a-social","status":"publish","type":"job","link":"https:\/\/abd.ong\/ca\/ofertes-feina\/treballador-a-social-i-o-educador-a-social\/","title":{"rendered":"Treballador\/a social i\/o Educador\/a social"},"content":{"rendered":"\n<p>Professional t\u00e8cnic per un projecte pilot d&#8217;innovaci\u00f3 en serveis socials que pret\u00e9n posar en pr\u00e0ctica una iniciativa per a detectar i atendre de manera preco\u00e7 i efica\u00e7, des dels serveis socials b\u00e0sics, les situacions de solitud no desitjada de les persones grans.<\/p>\n\n\n\n<p><strong>Experi\u00e8ncia:<\/strong> Es valorar\u00e0 experi\u00e8ncia i coneixement en l&#8217;\u00e0mbit d&#8217;atenci\u00f3 a persones grans, en el sector dels serveis socials, aix\u00ed com tamb\u00e9 desenvolupament d&#8217;accions d&#8217;intervenci\u00f3 comunit\u00e0ria.\r\nEs valorar\u00e0 el coneixement de recursos del territori (comarca Alta Ribagor\u00e7a i Aran).<\/p>\n\n\n\n<p><strong>Requisits:<\/strong> Grau o Diplomatura en Treball social i\/o Educaci\u00f3 social.<\/p>\n\n\n\n<p><strong>Tipus de contracte:<\/strong> Indefinit fins a finalitzaci\u00f3 de projecte a 31\/12\/2025. Jornada de 20 hores setmanals de dilluns a divendres.<\/p>\n","protected":false},"excerpt":{"rendered":"<p>Professional t\u00e8cnic per un projecte pilot d&#8217;innovaci\u00f3 en serveis socials que pret\u00e9n posar en pr\u00e0ctica una iniciativa per a detectar i atendre de manera preco\u00e7 i efica\u00e7, des dels serveis&hellip;<\/p>\n","protected":false},"featured_media":0,"template":"","provincia":[1763],"class_list":["post-150850","job","type-job","status-publish","hentry","provincia-lleida"],"acf":[],"yoast_head":"<!-- This site is optimized with the Yoast SEO plugin v27.4 - https:\/\/yoast.com\/product\/yoast-seo-wordpress\/ -->\n<title>Oferta de feina - Treballador\/a social i\/o Educador\/a social - ABD<\/title>\n<meta name=\"description\" content=\"Professional t\u00e8cnic per un projecte pilot d&#039;innovaci\u00f3 en serveis socials que pret\u00e9n posar en pr\u00e0ctica una iniciativa per a detectar i atendre de manera\" \/>\n<meta name=\"robots\" content=\"index, follow, max-snippet:-1, max-image-preview:large, max-video-preview:-1\" \/>\n<link rel=\"canonical\" href=\"https:\/\/abd.ong\/ca\/ofertes-feina\/treballador-a-social-i-o-educador-a-social\/\" \/>\n<meta property=\"og:locale\" content=\"ca_ES\" \/>\n<meta property=\"og:type\" content=\"article\" \/>\n<meta property=\"og:title\" content=\"Oferta de feina - Treballador\/a social i\/o Educador\/a social - ABD\" \/>\n<meta property=\"og:description\" content=\"Professional t\u00e8cnic per un projecte pilot d&#039;innovaci\u00f3 en serveis socials que pret\u00e9n posar en pr\u00e0ctica una iniciativa per a detectar i atendre de manera\" \/>\n<meta property=\"og:url\" content=\"https:\/\/abd.ong\/ca\/ofertes-feina\/treballador-a-social-i-o-educador-a-social\/\" \/>\n<meta property=\"og:site_name\" content=\"ABD\" \/>\n<meta property=\"article:publisher\" content=\"https:\/\/www.facebook.com\/abd.ong\" \/>\n<meta property=\"article:modified_time\" content=\"2023-06-01T12:30:20+00:00\" \/>\n<meta property=\"og:image\" content=\"https:\/\/abd.ong\/wp-content\/uploads\/2023\/01\/ABDLEMA_Hor_Esp-1.png\" \/>\n\t<meta property=\"og:image:width\" content=\"471\" \/>\n\t<meta property=\"og:image:height\" content=\"94\" \/>\n\t<meta property=\"og:image:type\" content=\"image\/png\" \/>\n<meta name=\"twitter:card\" content=\"summary_large_image\" \/>\n<meta name=\"twitter:site\" content=\"@abd_ong\" \/>\n<meta name=\"twitter:label1\" content=\"Temps estimat de lectura\" \/>\n\t<meta name=\"twitter:data1\" content=\"1 minut\" \/>\n<script type=\"application\/ld+json\" class=\"yoast-schema-graph\">{\"@context\":\"https:\\\/\\\/schema.org\",\"@graph\":[{\"@type\":\"WebPage\",\"@id\":\"https:\\\/\\\/abd.ong\\\/ca\\\/ofertes-feina\\\/treballador-a-social-i-o-educador-a-social\\\/\",\"url\":\"https:\\\/\\\/abd.ong\\\/ca\\\/ofertes-feina\\\/treballador-a-social-i-o-educador-a-social\\\/\",\"name\":\"Oferta de feina - Treballador\\\/a social i\\\/o Educador\\\/a social - ABD\",\"isPartOf\":{\"@id\":\"https:\\\/\\\/abd.ong\\\/ca\\\/#website\"},\"datePublished\":\"2023-06-01T11:16:25+00:00\",\"dateModified\":\"2023-06-01T12:30:20+00:00\",\"description\":\"Professional t\u00e8cnic per un projecte pilot d'innovaci\u00f3 en serveis socials que pret\u00e9n posar en pr\u00e0ctica una iniciativa per a detectar i atendre de manera\",\"breadcrumb\":{\"@id\":\"https:\\\/\\\/abd.ong\\\/ca\\\/ofertes-feina\\\/treballador-a-social-i-o-educador-a-social\\\/#breadcrumb\"},\"inLanguage\":\"ca\",\"potentialAction\":[{\"@type\":\"ReadAction\",\"target\":[\"https:\\\/\\\/abd.ong\\\/ca\\\/ofertes-feina\\\/treballador-a-social-i-o-educador-a-social\\\/\"]}]},{\"@type\":\"BreadcrumbList\",\"@id\":\"https:\\\/\\\/abd.ong\\\/ca\\\/ofertes-feina\\\/treballador-a-social-i-o-educador-a-social\\\/#breadcrumb\",\"itemListElement\":[{\"@type\":\"ListItem\",\"position\":1,\"name\":\"Inici\",\"item\":\"https:\\\/\\\/abd.ong\\\/ca\\\/\"},{\"@type\":\"ListItem\",\"position\":2,\"name\":\"Ofertes de feina\",\"item\":\"https:\\\/\\\/abd.ong\\\/ca\\\/ofertes-feina\\\/\"},{\"@type\":\"ListItem\",\"position\":3,\"name\":\"Treballador\\\/a social i\\\/o Educador\\\/a social\"}]},{\"@type\":\"WebSite\",\"@id\":\"https:\\\/\\\/abd.ong\\\/ca\\\/#website\",\"url\":\"https:\\\/\\\/abd.ong\\\/ca\\\/\",\"name\":\"ABD\",\"description\":\"Asociaci\u00f3n Bienestar y Desarrollo\",\"publisher\":{\"@id\":\"https:\\\/\\\/abd.ong\\\/ca\\\/#organization\"},\"potentialAction\":[{\"@type\":\"SearchAction\",\"target\":{\"@type\":\"EntryPoint\",\"urlTemplate\":\"https:\\\/\\\/abd.ong\\\/ca\\\/?s={search_term_string}\"},\"query-input\":{\"@type\":\"PropertyValueSpecification\",\"valueRequired\":true,\"valueName\":\"search_term_string\"}}],\"inLanguage\":\"ca\"},{\"@type\":\"Organization\",\"@id\":\"https:\\\/\\\/abd.ong\\\/ca\\\/#organization\",\"name\":\"Associaci\u00f3 Benestar i Desenvolupament\",\"alternateName\":\"ABD\",\"url\":\"https:\\\/\\\/abd.ong\\\/ca\\\/\",\"logo\":{\"@type\":\"ImageObject\",\"inLanguage\":\"ca\",\"@id\":\"https:\\\/\\\/abd.ong\\\/ca\\\/#\\\/schema\\\/logo\\\/image\\\/\",\"url\":\"https:\\\/\\\/abd.ong\\\/wp-content\\\/uploads\\\/2023\\\/01\\\/Icona.png\",\"contentUrl\":\"https:\\\/\\\/abd.ong\\\/wp-content\\\/uploads\\\/2023\\\/01\\\/Icona.png\",\"width\":190,\"height\":187,\"caption\":\"Associaci\u00f3 Benestar i Desenvolupament\"},\"image\":{\"@id\":\"https:\\\/\\\/abd.ong\\\/ca\\\/#\\\/schema\\\/logo\\\/image\\\/\"},\"sameAs\":[\"https:\\\/\\\/www.facebook.com\\\/abd.ong\",\"https:\\\/\\\/x.com\\\/abd_ong\",\"https:\\\/\\\/www.instagram.com\\\/abd_ong\\\/\",\"https:\\\/\\\/www.linkedin.com\\\/company\\\/abdong\",\"https:\\\/\\\/www.youtube.com\\\/user\\\/CANALABD\"]}]}<\/script>\n<!-- \/ Yoast SEO plugin. -->","yoast_head_json":{"title":"Oferta de feina - Treballador\/a social i\/o Educador\/a social - ABD","description":"Professional t\u00e8cnic per un projecte pilot d'innovaci\u00f3 en serveis socials que pret\u00e9n posar en pr\u00e0ctica una iniciativa per a detectar i atendre de manera","robots":{"index":"index","follow":"follow","max-snippet":"max-snippet:-1","max-image-preview":"max-image-preview:large","max-video-preview":"max-video-preview:-1"},"canonical":"https:\/\/abd.ong\/ca\/ofertes-feina\/treballador-a-social-i-o-educador-a-social\/","og_locale":"ca_ES","og_type":"article","og_title":"Oferta de feina - Treballador\/a social i\/o Educador\/a social - ABD","og_description":"Professional t\u00e8cnic per un projecte pilot d'innovaci\u00f3 en serveis socials que pret\u00e9n posar en pr\u00e0ctica una iniciativa per a detectar i atendre de manera","og_url":"https:\/\/abd.ong\/ca\/ofertes-feina\/treballador-a-social-i-o-educador-a-social\/","og_site_name":"ABD","article_publisher":"https:\/\/www.facebook.com\/abd.ong","article_modified_time":"2023-06-01T12:30:20+00:00","og_image":[{"width":471,"height":94,"url":"https:\/\/abd.ong\/wp-content\/uploads\/2023\/01\/ABDLEMA_Hor_Esp-1.png","type":"image\/png"}],"twitter_card":"summary_large_image","twitter_site":"@abd_ong","twitter_misc":{"Temps estimat de lectura":"1 minut"},"schema":{"@context":"https:\/\/schema.org","@graph":[{"@type":"WebPage","@id":"https:\/\/abd.ong\/ca\/ofertes-feina\/treballador-a-social-i-o-educador-a-social\/","url":"https:\/\/abd.ong\/ca\/ofertes-feina\/treballador-a-social-i-o-educador-a-social\/","name":"Oferta de feina - Treballador\/a social i\/o Educador\/a social - ABD","isPartOf":{"@id":"https:\/\/abd.ong\/ca\/#website"},"datePublished":"2023-06-01T11:16:25+00:00","dateModified":"2023-06-01T12:30:20+00:00","description":"Professional t\u00e8cnic per un projecte pilot d'innovaci\u00f3 en serveis socials que pret\u00e9n posar en pr\u00e0ctica una iniciativa per a detectar i atendre de manera","breadcrumb":{"@id":"https:\/\/abd.ong\/ca\/ofertes-feina\/treballador-a-social-i-o-educador-a-social\/#breadcrumb"},"inLanguage":"ca","potentialAction":[{"@type":"ReadAction","target":["https:\/\/abd.ong\/ca\/ofertes-feina\/treballador-a-social-i-o-educador-a-social\/"]}]},{"@type":"BreadcrumbList","@id":"https:\/\/abd.ong\/ca\/ofertes-feina\/treballador-a-social-i-o-educador-a-social\/#breadcrumb","itemListElement":[{"@type":"ListItem","position":1,"name":"Inici","item":"https:\/\/abd.ong\/ca\/"},{"@type":"ListItem","position":2,"name":"Ofertes de feina","item":"https:\/\/abd.ong\/ca\/ofertes-feina\/"},{"@type":"ListItem","position":3,"name":"Treballador\/a social i\/o Educador\/a social"}]},{"@type":"WebSite","@id":"https:\/\/abd.ong\/ca\/#website","url":"https:\/\/abd.ong\/ca\/","name":"ABD","description":"Asociaci\u00f3n Bienestar y Desarrollo","publisher":{"@id":"https:\/\/abd.ong\/ca\/#organization"},"potentialAction":[{"@type":"SearchAction","target":{"@type":"EntryPoint","urlTemplate":"https:\/\/abd.ong\/ca\/?s={search_term_string}"},"query-input":{"@type":"PropertyValueSpecification","valueRequired":true,"valueName":"search_term_string"}}],"inLanguage":"ca"},{"@type":"Organization","@id":"https:\/\/abd.ong\/ca\/#organization","name":"Associaci\u00f3 Benestar i Desenvolupament","alternateName":"ABD","url":"https:\/\/abd.ong\/ca\/","logo":{"@type":"ImageObject","inLanguage":"ca","@id":"https:\/\/abd.ong\/ca\/#\/schema\/logo\/image\/","url":"https:\/\/abd.ong\/wp-content\/uploads\/2023\/01\/Icona.png","contentUrl":"https:\/\/abd.ong\/wp-content\/uploads\/2023\/01\/Icona.png","width":190,"height":187,"caption":"Associaci\u00f3 Benestar i Desenvolupament"},"image":{"@id":"https:\/\/abd.ong\/ca\/#\/schema\/logo\/image\/"},"sameAs":["https:\/\/www.facebook.com\/abd.ong","https:\/\/x.com\/abd_ong","https:\/\/www.instagram.com\/abd_ong\/","https:\/\/www.linkedin.com\/company\/abdong","https:\/\/www.youtube.com\/user\/CANALABD"]}]}},"_links":{"self":[{"href":"https:\/\/abd.ong\/ca\/wp-json\/wp\/v2\/job\/150850","targetHints":{"allow":["GET"]}}],"collection":[{"href":"https:\/\/abd.ong\/ca\/wp-json\/wp\/v2\/job"}],"about":[{"href":"https:\/\/abd.ong\/ca\/wp-json\/wp\/v2\/types\/job"}],"wp:attachment":[{"href":"https:\/\/abd.ong\/ca\/wp-json\/wp\/v2\/media?parent=150850"}],"wp:term":[{"taxonomy":"provincia","embeddable":true,"href":"https:\/\/abd.ong\/ca\/wp-json\/wp\/v2\/provincia?post=150850"}],"curies":[{"name":"wp","href":"https:\/\/api.w.org\/{rel}","templated":true}]}}

<p>Professional tècnic per un projecte pilot d&#8217;innovació en serveis socials que pretén posar en pràctica una iniciativa per a detectar i atendre de manera precoç i eficaç, des dels serveis socials bàsics, les situacions de solitud no desitjada de les persones grans.</p>



<p><strong>Experiència:</strong> Es valorarà experiència i coneixement en l&#8217;àmbit d&#8217;atenció a persones grans, en el sector dels serveis socials, així com també desenvolupament d&#8217;accions d&#8217;intervenció comunitària.
Es valorarà el coneixement de recursos del territori (comarca Alta Ribagorça i Aran).</p>



<p><strong>Requisits:</strong> Grau o Diplomatura en Treball social i/o Educació social.</p>



<p><strong>Tipus de contracte:</strong> Indefinit fins a finalització de projecte a 31/12/2025. Jornada de 20 hores setmanals de dilluns a divendres.</p>

<p>Professional tècnic per un projecte pilot d&#8217;innovació en serveis socials que pretén posar en pràctica una iniciativa per a detectar i atendre de manera precoç i eficaç, des dels serveis&hellip;</p>

<!-- This site is optimized with the Yoast SEO plugin v27.4 - https://yoast.com/product/yoast-seo-wordpress/ -->
<title>Oferta de feina - Treballador/a social i/o Educador/a social - ABD</title>
<meta name="description" content="Professional tècnic per un projecte pilot d&#039;innovació en serveis socials que pretén posar en pràctica una iniciativa per a detectar i atendre de manera" />
<meta name="robots" content="index, follow, max-snippet:-1, max-image-preview:large, max-video-preview:-1" />
<link rel="canonical" href="https://abd.ong/ca/ofertes-feina/treballador-a-social-i-o-educador-a-social/" />
<meta property="og:locale" content="ca_ES" />
<meta property="og:type" content="article" />
<meta property="og:title" content="Oferta de feina - Treballador/a social i/o Educador/a social - ABD" />
<meta property="og:description" content="Professional tècnic per un projecte pilot d&#039;innovació en serveis socials que pretén posar en pràctica una iniciativa per a detectar i atendre de manera" />
<meta property="og:url" content="https://abd.ong/ca/ofertes-feina/treballador-a-social-i-o-educador-a-social/" />
<meta property="og:site_name" content="ABD" />
<meta property="article:publisher" content="https://www.facebook.com/abd.ong" />
<meta property="article:modified_time" content="2023-06-01T12:30:20+00:00" />
<meta property="og:image" content="https://abd.ong/wp-content/uploads/2023/01/ABDLEMA_Hor_Esp-1.png" />
	<meta property="og:image:width" content="471" />
	<meta property="og:image:height" content="94" />
	<meta property="og:image:type" content="image/png" />
<meta name="twitter:card" content="summary_large_image" />
<meta name="twitter:site" content="@abd_ong" />
<meta name="twitter:label1" content="Temps estimat de lectura" />
	<meta name="twitter:data1" content="1 minut" />
<script type="application/ld+json" class="yoast-schema-graph">{"@context":"https:\/\/schema.org","@graph":[{"@type":"WebPage","@id":"https:\/\/abd.ong\/ca\/ofertes-feina\/treballador-a-social-i-o-educador-a-social\/","url":"https:\/\/abd.ong\/ca\/ofertes-feina\/treballador-a-social-i-o-educador-a-social\/","name":"Oferta de feina - Treballador\/a social i\/o Educador\/a social - ABD","isPartOf":{"@id":"https:\/\/abd.ong\/ca\/#website"},"datePublished":"2023-06-01T11:16:25+00:00","dateModified":"2023-06-01T12:30:20+00:00","description":"Professional tècnic per un projecte pilot d'innovació en serveis socials que pretén posar en pràctica una iniciativa per a detectar i atendre de manera","breadcrumb":{"@id":"https:\/\/abd.ong\/ca\/ofertes-feina\/treballador-a-social-i-o-educador-a-social\/#breadcrumb"},"inLanguage":"ca","potentialAction":[{"@type":"ReadAction","target":["https:\/\/abd.ong\/ca\/ofertes-feina\/treballador-a-social-i-o-educador-a-social\/"]}]},{"@type":"BreadcrumbList","@id":"https:\/\/abd.ong\/ca\/ofertes-feina\/treballador-a-social-i-o-educador-a-social\/#breadcrumb","itemListElement":[{"@type":"ListItem","position":1,"name":"Inici","item":"https:\/\/abd.ong\/ca\/"},{"@type":"ListItem","position":2,"name":"Ofertes de feina","item":"https:\/\/abd.ong\/ca\/ofertes-feina\/"},{"@type":"ListItem","position":3,"name":"Treballador\/a social i\/o Educador\/a social"}]},{"@type":"WebSite","@id":"https:\/\/abd.ong\/ca\/#website","url":"https:\/\/abd.ong\/ca\/","name":"ABD","description":"Asociación Bienestar y Desarrollo","publisher":{"@id":"https:\/\/abd.ong\/ca\/#organization"},"potentialAction":[{"@type":"SearchAction","target":{"@type":"EntryPoint","urlTemplate":"https:\/\/abd.ong\/ca\/?s={search_term_string}"},"query-input":{"@type":"PropertyValueSpecification","valueRequired":true,"valueName":"search_term_string"}}],"inLanguage":"ca"},{"@type":"Organization","@id":"https:\/\/abd.ong\/ca\/#organization","name":"Associació Benestar i Desenvolupament","alternateName":"ABD","url":"https:\/\/abd.ong\/ca\/","logo":{"@type":"ImageObject","inLanguage":"ca","@id":"https:\/\/abd.ong\/ca\/#\/schema\/logo\/image\/","url":"https:\/\/abd.ong\/wp-content\/uploads\/2023\/01\/Icona.png","contentUrl":"https:\/\/abd.ong\/wp-content\/uploads\/2023\/01\/Icona.png","width":190,"height":187,"caption":"Associació Benestar i Desenvolupament"},"image":{"@id":"https:\/\/abd.ong\/ca\/#\/schema\/logo\/image\/"},"sameAs":["https:\/\/www.facebook.com\/abd.ong","https:\/\/x.com\/abd_ong","https:\/\/www.instagram.com\/abd_ong\/","https:\/\/www.linkedin.com\/company\/abdong","https:\/\/www.youtube.com\/user\/CANALABD"]}]}</script>
<!-- / Yoast SEO plugin. -->

Professional tècnic per un projecte pilot d'innovació en serveis socials que pretén posar en pràctica una iniciativa per a detectar i atendre de manera

Asociación Bienestar y Desarrollo

Associació Benestar i Desenvolupament
